ose 0 = 5*j - 0*j - 20. Suppose 5*o - 42 = -j*g + 2, 5*g + 56 = 3*o. What is the units digit of o?
2
Let v = 23 - -3. What is the units digit of v?
6
Let p(k) = k**3 - 6*k**2 + 2*k - 5. Let x be p(6). Let t(j) be the first derivative of j**3/3 - 5*j**2/2 - 9*j + 2. What is the units digit of t(x)?
5
Let q(c) = -c**3 - 11*c**2 - 13*c + 5. What is the tens digit of q(-10)?
3
What is the units digit of (-1)/(5 + 2404/(-480))?
0
Let v = 23 - -17. What is the units digit of v?
0
Suppose -3*b + 261 = 2*o - 537, 0 = -4*o - b + 1586. What is the units digit of o?
6
Let s be 3/(-15) - (-153)/15. Suppose 0 = 5*w - 0 - s. What is the units digit of w?
2
Suppose 4*t + 4*z = 0, 0 = t - 5*z - 14 - 10. Suppose t*m + 70 = 5*c, -3*c + m = 2*m - 25. What is the units digit of c?
0
Suppose j + 2*j = 36. What is the units digit of j?
2
Let u = -9 + 12. What is the units digit of (-34)/u*3/(-2)?
7
Let k(o) = -5 + 10*o + 5 + o**2 + 8 + 2. Let z = -7 - 4. What is the tens digit of k(z)?
2
Let w be 2 - -4*21/6. Suppose 64 = 4*r + w. What is the tens digit of r?
1
Let w(u) = -u**3 - 10*u**2 - 2*u - 3. Let v be w(-9). Let h = v - -109. What is the tens digit of h?
4
Let a = 14 + 48. What is the units digit of a?
2
Let l(f) = -16*f**3 - f**2 + f - 1. What is the units digit of l(-2)?
1
Let c = 98 + -51. What is the tens digit of c?
4
Let v(a) = a**3 + 6*a**2 - 5. Let t be v(-4). Let o be -3 + (3 + t)/2. Suppose 0 = 4*m - 7*m + o. What is the units digit of m?
4
Suppose 5*q - 3*r - 1000 = 0, -19*q + 21*q + 5*r = 400. What is the units digit of q?
0
What is the tens digit of (-2805)/(-65) - (-2)/(-13)?
4
Let c = -44 + 98. What is the tens digit of c?
5
Let f(p) = -p + 8. What is the units digit of f(-6)?
4
Let r(i) = -i**2 - 3*i + 4. Let q be r(2). Let c = -2 - q. What is the units digit of c?
4
Suppose -22 + 2 = -5*i. Suppose 21 + 23 = i*d. What is the tens digit of d?
1
Suppose -2*j - 22 = -156. What is the units digit of j?
7
Suppose -3*i - 67 = -u, 0*u - 2*u = 5*i + 119. Let g = 37 + i. What is the units digit of g?
4
Let v(h) = h**3 + 10*h**2 + 10*h + 11. Let w be v(-9). Suppose 0*j - w*j = k - 32, 5*j - 77 = -k. What is the tens digit of j?
1
Let b be ((-3)/(-2))/(3/6). Suppose 4*j - 52 = -4*z, -2*j - 9 = -b*j - 5*z. Suppose 0 = 3*h - j - 4. What is the units digit of h?
6
Let r be 4 + 60/(-14) + 229/(-7). Suppose -4*a = -2*a - 2. What is the units digit of -2 + a/((-3)/r)?
9
Let m(n) = 186*n**2 + 5*n - 4. What is the hundreds digit of m(1)?
1
Let c(i) = i**3 - 12*i**2 - 11*i + 5. What is the units digit of c(13)?
1
Suppose 3*m + m - 3*t = 27, 0 = -5*m - t + 10. Let r(d) = d - 3. Let w be r(m). Suppose 2*k - 7 = -3*s, -5*k + 0*s - 3*s + 40 = w. What is the units digit of k?
1
Suppose 0*q = 3*q - 240. What is the tens digit of q?
8
Let i(s) be the first derivative of -5*s**2/2 + 5*s + 7. What is the tens digit of i(-4)?
2
Let k be 4/(-4)*-3 - -2. Suppose 12 = k*l - l. What is the units digit of l?
3
What is the tens digit of (85 + 1)*(-2)/(-2)?
8
Let u = -11 - -23. Suppose 0*x + 3*o = 2*x + u, 30 = -5*x - 2*o. Let n = 13 + x. What is the units digit of n?
7
Suppose 2*n - 14 = -4, -3*n + 82 = i. Suppose -4*o + 87 = 3*x, 4*o + 0*o - x = i. What is the tens digit of o?
1
Let l be (9/(-3))/(-3)*-5. Let s = 0 - l. What is the units digit of 30/3*2/s?
4
Let x(g) = g**2 + g - 4. Let h be x(-4). Suppose 2*i - h + 2 = 0. What is the units digit of i?
3
What is the units digit of ((-42)/7)/(1/(-13))?
8
Let i be 32/14 + 8/(-28). Suppose -i = -4*p + p + 2*w, -4*w + 8 = 0. What is the units digit of (p/(-2))/(1/(-4))?
4
Let w = -31 - -58. What is the tens digit of w?
2
Let j = -142 - -162. What is the units digit of j?
0
Suppose -2*j + 285 = 5*k, -2*j = -2*k + 6*k - 228. What is the units digit of k?
7
Let k(q) = q**2 + 2*q - 2. Let y be k(-3). Suppose -4*t + 23 + y = 0. What is the units digit of t?
6
Let v(w) = w**3 - 3*w**2 - 5*w + 7. What is the units digit of v(5)?
2
Let g(o) = 2*o. Let d be g(2). Suppose 5 = -d*i + 17. What is the units digit of i?
3
Suppose 0 = -7*p + 4*p. Suppose -t - 2*t + 126 = p. What is the tens digit of t?
4
Suppose -2*d = -269 + 11. Suppose -d = -3*q - x, -q + 4*x = 3*q - 156. What is the units digit of q?
2
Let h = 150 + -58. What is the units digit of h?
2
Let h = -6 - -11. Suppose -h*w = -12 - 83. Suppose 0 = -3*p + 2 + w. What is the units digit of p?
7
Suppose 0 = -4*u + 43 + 105. What is the units digit of u?
7
Let d(j) = -5*j**2 + 4*j + 7. Let x(r) = -9*r**2 + 7*r + 13. Let c(g) = -7*d(g) + 4*x(g). Let i = -1 - -1. What is the units digit of c(i)?
3
Let y(f) be the second derivative of f**3/2 - 9*f**2 + 2*f. What is the tens digit of y(15)?
2
Let g(t) = t**3 + 6*t**2 - 2*t - 2. Let j be g(-6). Let c = -2 + j. Let l = c + -3. What is the units digit of l?
5
Let y(r) be the second derivative of r**4/12 - 5*r**3/6 - 3*r**2/2 - 2*r. Suppose s = 4*o - 22, -3*o + 0 = 4*s - 26. What is the units digit of y(o)?
3
Suppose 2*o = -2*g, 0 = -5*o - 3*g - g + 5. Suppose 0 = -z + o + 2. Suppose 0 = h - z + 2. What is the units digit of h?
5
Suppose l = -213 + 436. What is the tens digit of l?
2
Let i(c) = 10*c + 48. What is the units digit of i(-4)?
8
Suppose 5*h = 2*h + 69. Suppose -m = -0*m - h. What is the tens digit of m?
2
Let l(d) = -d + 6. Let h be l(4). Suppose -h*k - 3*g = -0 + 1, 2*k - g = -5. What is the units digit of 7/(14/12) - k?
8
What is the units digit of 1526/63 + 4/(-18)?
4
Suppose -2*s - m + 110 = -4*m, 2*s = m + 110. What is the tens digit of s?
5
Suppose 406 - 16 = 5*j. Suppose 0 = 2*p - j + 24. What is the units digit of p?
7
What is the hundreds digit of ((-9)/3)/((-2)/198) - 2?
2
Let y be 90/(-27) + (-2)/(-6). What is the tens digit of y/15 - 272/(-10)?
2
Suppose 0 = -13*b + 19*b - 462. What is the units digit of b?
7
Let u(k) = -k - 7. Let i be u(-4). Let q(p) = -p**2 - 4*p. Let n(o) = 2*o**2 + 9*o + 1. Let d(l) = i*n(l) - 7*q(l). What is the tens digit of d(4)?
1
Let l(d) = -d**2 + d + 1. Let b(t) = -2*t**2 - 11*t + 13. Let s(x) = b(x) - 3*l(x). Let y be s(12). Let z = -8 - y. What is the units digit of z?
6
Suppose 4*k + 420 = 3*g, 2*k = -g + 3*k + 141. What is the units digit of g?
4
Let w(p) = p - 3. Let o be w(3). Suppose -2*i + 4*i - 18 = o. What is the units digit of i?
9
Suppose -4*m + 4*j + 212 = -m, -3*j = -2*m + 143. What is the units digit of m?
4
What is the units digit of (0 - -66)/(4/6)?
9
Let q(c) = c**3 - c**2. Let o(g) = -22*g**3 - 5*g**2 + g + 1. Let w(k) = o(k) - 6*q(k). What is the units digit of w(-1)?
9
Let y(w) be the third derivative of -11*w**6/120 + w**5/60 + w**4/24 - 2*w**2. Let v be y(-1). Let x = -2 + v. What is the units digit of x?
9
Let i = 645 + -438. Suppose 3*l + 81 = i. Suppose 4*n + 2*b = l, -2*b - 22 = -4*n + 16. What is the units digit of n?
0
Let f be 2/(-2 + 27/12). Let z = f - 4. What is the units digit of z?
4
Suppose 0*j - k = -3*j + 9, 0 = -5*j - 3*k + 15. Suppose 2 = j*i + 5, -31 = -p + 4*i. What is the tens digit of p?
2
Let k(r) be the third derivative of 3*r**5/10 - r**3/6 - 3*r**2. What is the units digit of k(1)?
7
Suppose -b + 5*b = 4*w - 36, -2*b = 4*w. Let r = b - -13. What is the tens digit of r/(-4)*(-10 - 2)?
2
Suppose -z + 41 = -3*b, 0 = 2*z - 0*b - b - 62. What is the tens digit of z?
2
Suppose -72 = 3*u - 7*u - 3*l, 12 = 3*l. What is the units digit of u?
5
Suppose 5*b = 3*b + 6. Suppose -3*n = 6, -2*t = 3*t - b*n - 51. What is the units digit of t?
9
Suppose 16*n + 186 = 17*n. What is the units digit of n?
6
Let a be (-2 - -7) + -1 + 1. Suppose a*i + 260 = 10*i. Suppose i + 0 = 4*o. What is the tens digit of o?
1
Let s(y) = y**2 - 3*y - 6. Let m be s(5). Suppose 0 = -m*r - r + g + 73, 3*r - 33 = -3*g. What is the units digit of r?
4
What is the tens digit of (156/(-2))/(22/(-33))?
1
Let p be -1 + 1 + 2/(-2). Let z = 11 + -6. Let m = p + z. What is the units digit of m?
4
Let g(a) = a + 2. Let n be g(2). Suppose 4*q - 4*j - 28 = 4, -n*j - 21 = -3*q. What is the units digit of q?
1
Suppose 0*x + 5*x - 20 = 0. Let d = x + 3. What is the units digit of d?
7
Let p = -12 - -31. Let y = p + -11. Suppose 0*d - d + y = 0. What is the units digit of d?
8
Suppose 2520 = 16*a - 8*a. What is the tens digit of a?
1
Suppose -4*d = 13 + 119. Let i = d - -84. Suppose 2*m + i = 4*k